133
What is -4433113 (base 5) in base 13?
-2923b
5293088 (base 10) to base 7
62663513
Convert -22255 (base 7) to base 15.
-1a01
Convert -232224550 (base 6) to base 5.
-2100432240
What is -4107871 (base 9) in base 11?
-1266940
What is -121111210233 (base 4) in base 12?
-2283893
What is 479c9 (base 16) in base 14?
78c77
What is 12704 (base 15) in base 10?
58954
What is -122022201112 (base 3) in base 11?
-2131a3
What is -5062070 (base 9) in base 4?
-22102231230
Convert -21223410 (base 5) to base 15.
-38455
86d7a2 (base 16) to base 4
201231132202
What is b7035 (base 12) in base 14?
63797
Convert -32716225 (base 8) to base 7.
-113642020
What is 3023030 (base 5) in base 6?
1012335
Convert 1272563 (base 8) to base 7.
3016665
What is 2a66f (base 16) in base 9?
284216
Convert 1064874 (base 9) to base 6.
20151234
Convert -3355142 (base 6) to base 12.
-82ab2
Convert -101010111000111111111101 (base 2) to base 6.
-1040553153
What is -186508 (base 11) in base 4?
-1012000322
2357561 (base 10) to base 4
20333210321
Convert -12330122 (base 4) to base 11.
-1a407
Convert 8af95 (base 16) to base 14.
10b63b
What is -1e24c0 (base 15) in base 2?
-101101000010101110011
4261051 (base 7) to base 8
1765523
Convert 24341133 (base 5) to base 10.
230793
Convert -176664 (base 8) to base 11.
-44884
What is -334836 (base 9) in base 7?
-1463223
-7a264 (base 12) to base 16
-27bec
Convert 40240260 (base 8) to base 4.
200110002300
Convert 22fff6 (base 16) to base 5.
1041400000
Convert 11abb2 (base 13) to base 2.
1100111011110010100
Convert -18747 (base 12) to base 15.
-a84d
Convert 1111100110010010000100 (base 2) to base 7.
46520115
Convert 324320204 (base 5) to base 13.
3a0a98
412164 (base 7) to base 8
211412
-30b92 (base 13) to base 16
-1566d
75505 (base 16) to base 6
14144341
Convert -18236c6 (base 14) to base 9.
-24375144
Convert -155dd72 (base 14) to base 8.
-47670240
Convert 61242432 (base 7) to base 4.
103131312312
-30985 (base 13) to base 11
-5a666
Convert 1571e (base 16) to base 3.
11110111021
Convert 1383d3 (base 14) to base 10.
675797
-13422021 (base 5) to base 7
-1116165
What is 10000110011000001011 (base 2) in base 11?
346594
-22101201022220 (base 3) to base 9
-8351286
Convert -43940b (base 14) to base 6.
-121043135
11231032043 (base 5) to base 9
25885583
Convert -102808 (base 13) to base 10.
-377047
10110111010011011110 (base 2) to base 10
750814
Convert 1023054 (base 8) to base 10.
271916
-15100026 (base 9) to base 8
-34466757
110001110110100100 (base 2) to base 4
301312210
Convert 13333004 (base 6) to base 11.
286466
What is 101011000001101001 (base 2) in base 7?
1332541
What is 3545b (base 14) in base 8?
375451
Convert -22233020 (base 6) to base 14.
-13751a
12021200202221 (base 3) to base 13
77454a
Convert -1d1a9 (base 15) to base 16.
-172a4
What is -131101201002 (base 4) in base 9?
-15385570
What is 6ebaad (base 15) in base 9?
10874411
-224041552 (base 6) to base 7
-46642262
-70672c (base 13) to base 15
-369554
What is 18d967 (base 14) in base 4?
3113133313
918502 (base 12) to base 2
1000101011010111010010
77835 (base 11) to base 3
12201202011
Convert -12740357 (base 9) to base 11.
-3603623
-136d67 (base 15) to base 6
-32010254
-105311342 (base 7) to base 4
-120130003310
Convert -1446027 (base 8) to base 10.
-412695
What is -64229b (base 14) in base 3?
-20101001120120
Convert ae1225 (base 16) to base 10.
11407909
What is 57e706 (base 15) in base 7?
50462064
Convert 47277 (base 9) to base 13.
114b2
Convert -2bc998 (base 13) to base 3.
-2001010000120
Convert 100000111101000111011111 (base 2) to base 16.
83d1df
What is 13c7ca (base 13) in base 2?
1110110010101010001
What is 1302112001 (base 4) in base 10?
468353
3502856 (base 10) to base 3
20120222000102
What is 183099 (base 11) in base 13?
9b63b
Convert -991ab6 (base 15) to base 8.
-33651464
What is -119576 (base 12) in base 4?
-1011303222
11271 (base 12) to base 11
16181
Convert 1022020121211 (base 3) to base 6.
22511421
1100010001000 (base 2) to base 12
3774
Convert -13453450 (base 7) to base 10.
-1256983
What is -91527 (base 10) in base 6?
-1543423
Convert 1100010010110001101011 (base 2) to base 7.
36251303
What is -806565 (base 10) in base 8?
-3047245
Convert 468380 (base 11) to base 2.
10110101011011101101
1a3baa (base 13) to base 14
134753
Convert -1215487 (base 12) to base 16.
-359d67
What is 205511251 (base 6) in base 10?
3633007
What is 1050035 (base 7) in base 2?
11111101010010000
-112338 (base 11) to base 10
-178758
What is 4514532 (base 7) in base 8?
2103120
What is 12264122 (base 9) in base 4?
112322120330
Convert -24314133 (base 5) to base 3.
-102122112100
-6361466 (base 7) to base 5
-144140213
What is -32210120 (base 5) in base 10?
-272535
-13516002 (base 7) to base 8
-4646532
1433133240 (base 5) to base 2
1110100000010011010000
2040402 (base 6) to base 12
49102
-6555160 (base 7) to base 10
-803740
Convert 8250033 (base 11) to base 3.
1000102010022022
-1703410 (base 9) to base 4
-3213101220
What is a6256 (base 13) in base 9?
505375
Convert -3024051 (base 6) to base 15.
-2c78a
-1322200332 (base 4) to base 8
-1724076
Convert 8858 (base 16) to base 12.
18248
What is 82639 (base 11) in base 4?
131123232
fa72 (base 16) to base 14
19518
Convert 37939 (base 10) to base 5.
2203224
Convert -32210455 (base 7) to base 6.
-134435134
What is -11201001010 (base 3) in base 15?
-1c693
Convert 558b9 (base 13) to base 12.
75a52
What is -4600197 (base 11) in base 3?
-120011010100000
Convert -1110010001100001000011 (base 2) to base 11.
-2126273
Convert -10220220221 (base 3) to base 12.
-3882a
7912e (base 16) to base 5
111332133
733508 (base 11) to base 12
4885a6
What is -526524 (base 7) in base 8?
-262026
Convert -20034446 (base 9) to base 3.
-200001011111120
528839 (base 12) to base 6
43513313
What is 12983 (base 14) in base 2?
1011001011010111
Convert 22200112212011 (base 3) to base 8.
21470715
Convert 131785 (base 9) to base 14.
2129b
-243202313 (base 5) to base 6
-40331052
What is 31022301003 (base 4) in base 13?
93b2b3
What is 22302311033 (base 4) in base 14?
5392d9
Convert -1011001101101100 (base 2) to base 11.
-31567
What is -8a112 (base 11) in base 5?
-13134242
Convert 15240 (base 13) to base 16.
9c00
Convert 104452203 (base 6) to base 12.
77a063
2512021 (base 9) to base 12
55a731
What is -41873 (base 10) in base 8?
-121621
Convert 133624 (base 9) to base 10.
81427
21413621 (base 7) to base 16
1c02b6
-2b4a5 (base 12) to base 2
-1110111011111101
10202212021 (base 3) to base 13
27a51
3196905 (base 11) to base 6
320214411
Convert -10779582 (base 10) to base 4.
-221013232332
22124133 (base 6) to base 13
1a35a4
Convert 100211320 (base 4) to base 6.
1242344
Convert 1043243203 (base 5) to base 4.
20312310032
54f753 (base 16) to base 11
3163637
-1001021011222 (base 3) to base 10
-556361
1118512 (base 9) to base 6
20533015
-31b4c (base 13) to base 6
-1531431
Convert 10432163 (base 7) to base 13.
25610c
What is -5336a (base 15) in base 12?
-108961
Convert 131323232231 (base 4) to base 12.
2764ba5
335514 (base 9) to base 6
4150021
1360b5 (base 15) to base 12
38b1b2
What is -a4459 (base 14) in base 5?
-100132444
What is -428339 (base 12) in base 15?
-15b686
Convert 1e228 (base 15) to base 13.
35a05
-2347b8 (base 13) to base 8
-3145367
Convert 4220341102 (base 5) to base 16.
85b2ab
256764 (base 9) to base 15
312d7
What is 102210102000101 (base 3) in base 2?
10111111010000101010111
1011541 (base 7) to base 11
82728
Convert -be4d5a (base 15) to base 10.
-9078385
What is -11110110011000010000111 (base 2) in base 6?
-445012343
48a62 (base 16) to base 11
193629
Convert 1001100001000111111 (base 2) to base 12.
130593
-3865578 (base 9) to base 16
-2032fa
Convert 30333142 (base 6) to base 3.
1122002022022
What is -1340303114 (base 5) in base 6?
-201515352
Convert -187347 (base 9) to base 11.
-7a937
38797 (base 13) to base 15
20eb1
-961893 (base 10) to base 2
-11101010110101100101
Convert 337521 (base 11) to base 7.
4364442
55040402 (base 6) to base 13
454904
What is 67503 (base 8) in base 5?
1402413
What is -1062331 (base 7) in base 10?
-132910
Convert -1101000110111110 (base 2) to base 11.
-37383
Convert 1544220 (base 6) to base 12.
45070
What is 10001001011100111 (base 2) in base 7?
412114
-4202570 (base 8) to base 13
-30098